100001100?
-10100010000
In base 4, what is 210 - -220?
1030
In base 16, what is -2fb - f?
-30a
In base 5, what is 10 + -1442?
-1432
In base 3, what is -1 - -11202?
11201
In base 7, what is 136 - -10?
146
In base 4, what is 10 + 130?
200
In base 6, what is -101 + 53?
-4
In base 13, what is 3 + 3a?
40
In base 6, what is 12 + -22013?
-22001
In base 7, what is -434 - -1?
-433
In base 16, what is -4987 + 3?
-4984
In base 3, what is 12 - 1102?
-1020
In base 14, what is -618 - -5?
-613
In base 8, what is -2 + -61?
-63
In base 12, what is 24 - 117?
-b3
In base 12, what is 77 + -26?
51
In base 13, what is -b8c + 1?
-b8b
In base 5, what is 1 - -31?
32
In base 5, what is 2424 + 4?
2433
In base 3, what is -22 + -101?
-200
In base 4, what is 122 + 103?
231
In base 13, what is 3 + 159?
15c
In base 16, what is 80f - -3?
812
In base 4, what is 3 - 101203?
-101200
In base 16, what is -19 + 2b6?
29d
In base 5, what is -304 + -11?
-320
In base 14, what is 1 + 30a?
30b
In base 15, what is 7 - 26?
-1e
In base 9, what is -7 + 5?
-2
In base 13, what is -6 + 51?
48
In base 9, what is 1 - 2448?
-2447
In base 10, what is -21020 + 3?
-21017
In base 9, what is -6 - 342?
-348
In base 6, what is -31 + -114?
-145
In base 6, what is -12422 + 5?
-12413
In base 16, what is -20b - 5?
-210
In base 6, what is -455 - 11?
-510
In base 9, what is 5 - -134?
140
In base 8, what is 0 + 1560?
1560
In base 6, what is 25 + 42?
111
In base 3, what is 211 + 111101?
112012
In base 15, what is 5d - 5?
58
In base 3, what is 12 - -2?
21
In base 6, what is 1 + 1134?
1135
In base 5, what is -43 - 1?
-44
In base 13, what is -1a6 - -16?
-190
In base 16, what is -1d - -3?
-1a
In base 10, what is -3918 + 0?
-3918
In base 8, what is 70 + 171?
261
In base 8, what is -2 + 61?
57
In base 13, what is 4 + 78?
7c
In base 4, what is -10 + 11210?
11200
In base 8, what is 100 - 205?
-105
In base 14, what is 0 - 1a5?
-1a5
In base 4, what is 3 + -2132?
-2123
In base 13, what is a5 + 3?
a8
In base 9, what is -5 + 73?
67
In base 16, what is -2 - -91?
8f
In base 3, what is 111 + -20102?
-12221
In base 10, what is -2 + 351?
349
In base 10, what is -125 - -11?
-114
In base 11, what is 3 - -79?
81
In base 4, what is 1022 - -131?
1213
In base 8, what is 30 + 6?
36
In base 5, what is 133 - -31?
214
In base 10, what is -147 + -2?
-149
In base 10, what is -2 - 205?
-207
In base 5, what is -1002 - -11?
-441
In base 12, what is 15 + -17?
-2
In base 11, what is -2 - -51?
4a
In base 13, what is -1 - -29?
28
In base 12, what is -1 + -138?
-139
In base 8, what is -6 - -522?
514
In base 2, what is 1010000011 - 1?
1010000010
In base 4, what is -12 + 33030?
33012
In base 11, what is 492 - -3?
495
In base 15, what is e91 + 2?
e93
In base 14, what is 4c20 - -1?
4c21
In base 9, what is 156 + 18?
175
In base 11, what is -5 + -1667?
-1671
In base 11, what is 5 - 793?
-789
In base 15, what is -14 - 0?
-14
In base 9, what is -18850 + -4?
-18854
In base 11, what is -14 + 6?
-9
In base 7, what is -5 + -630?
-635
In base 13, what is -1 + 54?
53
In base 7, what is -5 - 11?
-16
In base 12, what is 21 - -173?
194
In base 9, what is 71 + 15?
86
In base 6, what is -13 - -325?
312
In base 2, what is -10 - 1001111111?
-1010000001
In base 12, what is -2 + bb3?
bb1
In base 2, what is 11 + 101010010?
101010101
In base 9, what is 3 + -182?
-178
In base 12, what is -339 - -4?
-335
In base 8, what is -11152 - 5?
-11157
In base 15, what is -4 - -43?
3e
In base 14, what is -284 - -64?
-220
In base 11, what is -a - -2?
-8
In base 9, what is 2 - 2103?
-2101
In base 3, what is 102 - -1021211?
1022020
In base 16, what is 3 - 20?
-1d
In base 12, what is -48 - 10?
-58
In base 7, what is -1 - -22400?
22366
In base 15, what is 5 - -31?
36
In base 7, what is 3 - 145?
-142
In base 9, what is 0 + 1046?
1046
In base 4, what is -1223302 + 1?
-1223301
In base 11, what is 34 + 252?
286
In base 6, what is -5 + -1112?
-1121
In base 10, what is 13 + -52?
-39
In base 12, what is 76a + 1?
76b
In base 14, what is 1ad + 5?
1b4
In base 16, what is 2d - -1f3?
220
In base 7, what is -21645 - 5?
-21653
In base 12, what is -8 + 52?
46
In base 7, what is -54 - 20?
-104
In base 11, what is -10259 - -4?
-10255
In base 9, what is -4 + 505?
501
In base 6, what is -11 + -511?
-522
In base 12, what is 4 + 731?
735
In base 15, what is 49 - 1?
48
In base 14, what is 3b - -7?
44
In base 12, what is 0 - 1?
-1
In base 4, what is -100 - -30000?
23300
In base 12, what is 5 + -359?
-354
In base 13, what is 1 + 1a?
1b
In base 14, what is 31 - -ac?
dd
In base 3, what is 100001 + 20?
100021
In base 3, what is -2 + -222?
-1001
In base 13, what is 62 + -1?
61
In base 11, what is 2 - 1498?
-1496
In base 3, what is 2220 - -121?
10111
In base 12, what is 46 - -1?
47
In base 2, what is 1000 - -110?
1110
In base 15, what is -8 - -1?
-7
In base 9, what is -5 + -153?
-158
In base 2, what is 10 + -110?
-100
In base 8, what is -4315 + 5?
-4310
In base 16, what is 92 + -11?
81
In base 6, what is -4114 - 12?
-4130
In base 7, what is 3 + -166?
-163
In base 3, what is 20 + -1121?
-1101
In base 3, what is 2002110 + -101?
2002002
In base 15, what is -3 - -8a?
87
In base 12, what is 6 - 212?
-208
In base 10, what is 71 + -12?
59
In base 3, what is -100 + 11021?
10221
In base 12, what is 1 - -203?
204
In base 13, what is 1 + -cc?
-cb
In base 4, what is -21003 - -11?
-20332
In base 15, what is bd + 5?
c3
In base 14, what is 4 - -2d?
33
In base 7, what is 30 + 5?
35
In base 9, what is -17 + 77?
60
In base 14, what is -3 - -bc2?
bbd
In base 2, what is -1 + -101001?
-101010
In base 11, what is -178 - 35?
-202
In base 2, what is -1000011 + 1001001?
110
In base 15, what is -237 - 18?
-250
In base 9, what is -2 + 32?
30
In base 12, what is 2 + 75?
77
In base 10, what is 806 + -4?
802
In base 10, what is -3 + 30?
27
In base 3, what is -222 + 12?
-210
In base 3, what is -21 + 1020?
222
In base 9, what is 210 - -3?
213
In base 13, what is 1 - -182?
183
In base 2, what is -10111110 + -110?
-11000100
In base 12, what is -1b3 - -45?
-16a
In base 16, what is 2f - 1?
2e
In base 3, what is 2 + -110010?
-110001
In base 11, what is 5082 + -4?
5079
In base 13, what is -52 + -136?
-188
In base 3, what is 200112 - 11?
200101
In base 2, what is -10010100011 + 101?
-10010011110
In base 7, what is 14 - 304?
-260
In base 9, what is -1584 - -2?
-1582
In base 6, what is 2 + 5510?
5512
In base 16, what is -3093 - 4?
-3097
In base 15, what is 4 - 34?
-30
In base 11, what is -14 + 6?
-9
In base 3, what is -10 - -22000?
21220
In base 15, what is 5 + -22?
-1c
In base 16, what is -2a3 + -28?
-2cb
In base 15, what is -16 + -3?
-19
In base 6, what is -301 - 13?
-314
In base 14, what is 0 + -1048?
-1048
In base 9, what is -5 - -763?
757
In base 14, what is -2 + -23bd?
-23c1
In base 16, what is 33 - 1?
32
In base 15, what is 53c + -3?
539
In base 4, what is -10 + -201?
-211
In base 15, what is -d + 14?
6
In base 2, what is 101 - -1011010?
1011111
In base 10, what is 10 - -69?
79
In base 12, what is -11 + 3a0?
38b
In base 2, what is -10 - -10100011?
10100001
In base 14, what is 5 - -271?
276
In base 15, what is b + -647?
-63b
In base 7, what is -263 + 1?
-262
In base 16, what is -7e + 5?
-79
In base 7, what is -2003 + 64?
-1606
In base 16, what is -848 - 6?
-84e
In base 15, what is -39 - 3c?
-76
In base 12, what is b4 - -14?
108
In base 3, what is 122211 - -11?
122222
In base 7, what is 5 + 120?
125
In base 5, what is -201 + 2?
-144
In base 9, what is -417 - -5?
-412
In base 6, what is -135 - 5?
-144
In base 14, what is -11d73 - -3?
-11d70
In base 13, what is -66 - 3?
-69
In base 9, what is 0 - -2248?
2248
In base 16, what is 5 - 62a?
-625
In base 16, what is 1abd - 1?
1abc
In base 6, what is -1534 - -1?
-1533
In base 13, what is -14 + -c7?
-10b
In base 6, what is -1425 - -5?
-1420
In base 6, what is 2 + 401?
403
In base 10, what is -107 - -63?
-44
In base 6, what is -3 - 2042?
-2045
In base 14, what is 2 - 459?
-457
In base 4, what is 2 + -22031?
-22023
In base 2, what is 11 - 100?
-1
In base 4, what is -101 + 2101?
2000
In base 7, what is 200 + -1?
166
In base 4, what is -2 + -131?
-133
In base 13, what is -c + 24?
15
In base 4, what is 2 + -132?
-130
In base 8, what is 1264 - 1?
1263
In base 4, what is 0 + 133113?
133113
In base 10, what is 3 - 35